/((6/3)/360)?
True
Let u be (-35)/(-14) + -3 - (-14)/4. Suppose -b = -4*t - 5 - 7, -u*b + 50 = -5*t. Does 5 divide b?
True
Suppose 14*q - 4274 - 486 = 0. Is 17 a factor of q?
True
Suppose 4*c + 355 = -2*i + 3*i, 4*i - 1360 = 4*c. Is 5 a factor of i?
True
Suppose -5*v + 407 + 1757 = -4*x, -5*v + 2158 = 2*x. Does 22 divide v?
False
Let k(q) = 15*q. Let m = -11 + 13. Is k(m) a multiple of 15?
True
Let m(o) = o**3 - o - 2. Let d be m(3). Suppose 5*l + 2*z = -1 + d, -2*z + 15 = 3*l. Suppose 2*b + l*b - 60 = 0. Is b a multiple of 4?
True
Let g = 3332 - 1812. Is 10 a factor of g?
True
Let i = 82 - 83. Is (-3 + -2)*i/(-1)*-14 a multiple of 10?
True
Suppose 18*v - 7335 - 729 = 0. Is v a multiple of 48?
False
Suppose -88*p = -97*p + 4023. Is 7 a factor of p?
False
Let t(k) = -k**3 + 5*k**2 + 9*k - 6. Let l be t(6). Let z = l + -15. Is ((-44)/z)/((-6)/(-9)) a multiple of 12?
False
Does 50 divide (-2 - -2) + -25 + 582?
False
Let l = -1094 + 4517. Is l a multiple of 21?
True
Let h = -22 - -24. Suppose h*r = 47 + 83. Does 13 divide r?
True
Let w = -4900 - -7072. Is 12 a factor of w?
True
Suppose 0 = -5*d - 2*l + 32, 3*l - 2*l + 12 = d. Does 3 divide d?
False
Let d(r) = -r**3 - 28*r**2 + 25*r - 4. Does 2 divide d(-29)?
True
Let i be 1 - 1484/(-7 - -3). Suppose n - 5*n = -i. Suppose n - 27 = 3*p. Is 22 a factor of p?
True
Is (-1)/1*11/((-77)/217) a multiple of 26?
False
Let i(y) = 21*y**3 + 2*y**2 + 2*y + 3. Let o be i(-2). Let m = o + 249. Is 11 a factor of m?
True
Let m(p) = -p**2 + 12*p - 2. Let o be m(6). Let c(w) = -3*w**3 - 3*w + 9. Let s be c(2). Let q = s + o. Is q a multiple of 13?
True
Let d be 1*5 - (-11 + 13). Suppose 4*s + l + 17 = 5, 5*l + 20 = 0. Is 18 a factor of (-36)/(d + s + -2)?
True
Suppose 103 = -2*i + 783. Suppose -i = -6*b + 116. Does 13 divide b?
False
Let k(o) = -o**3 + 6*o**2 - 3*o + 8. Let u be k(6). Let p = -6 - u. Suppose p*y - 196 = -20. Is 11 a factor of y?
True
Suppose -49*j + j + 53136 = 0. Is 58 a factor of j?
False
Suppose 3*c + 0*w + 74 = -4*w, 47 = -4*c + 5*w. Suppose 0 = 2*h - 4*k - 82, -2*h - 35 = -k - 111. Let j = h + c. Does 5 divide j?
False
Suppose h - 42 = z, -16*h + 11*h + 4*z = -205. Is 6 a factor of h?
False
Suppose 2*n + 3*n = 0. Suppose n = -7*o + 23 + 19. Let f = o - -22. Does 7 divide f?
True
Let p(w) = 18*w**2 - 5*w - 7. Is p(-2) a multiple of 8?
False
Let i = -3 - -6. Let w(v) = -4 - 3*v + 25*v**2 - v**3 + 7*v - 24*v**2 + 2*v**3. Does 11 divide w(i)?
True
Suppose -2*a = 3*j - 4*j - 10, 71 = -5*j + 3*a. Let t = -6 - j. Is 7 a factor of t?
False
Suppose 2*c + 277 = 1839. Is c a multiple of 34?
False
Let t(b) = -b + 11. Let p be t(8). Let d(n) = -n**2 + 2*n + 7. Let j be d(p). Suppose 0*u - j*u = -204. Does 17 divide u?
True
Let n be 12/7 - (-2)/7. Suppose 0 = -3*o - 9, 106 = -4*c - 4*o + n*o. Is 6 a factor of (c - (-4 + 2))*-1?
False
Is (-6)/(-15)*(-9 - -3114) a multiple of 69?
True
Let r(h) = 7*h**2 + h - 2. Let n be r(-2). Suppose 0 = -3*o + 2*o - y + 1, -o = -4*y + n. Is 9 a factor of 1*(-2)/o*106?
False
Let u(o) = 66*o**2 + o - 4. Let x be u(-2). Suppose 5*y - 87 = -5*k + x, -k - 4*y = -60. Is 18 a factor of k?
True
Suppose y + 2*y + 184 = -5*l, -y - 50 = -4*l. Let n = -49 - y. Is 2 a factor of n?
False
Let c(l) = 2*l**3 + 35*l**2 + 13*l - 14. Is 39 a factor of c(-16)?
True
Let u = 255 - -1447. Does 23 divide u?
True
Is (-13 - -10) + -1 - -1*24 a multiple of 10?
True
Suppose 3255 = 427*n - 422*n. Is n even?
False
Let f(l) = -5*l**2 + 29*l + 31. Let q(v) = 14*v**2 - 86*v - 94. Let i(j) = -11*f(j) - 4*q(j). Is i(19) a multiple of 35?
False
Suppose f - 2*w + 1 = 0, -3*f - w - 3*w = -7. Is 3 + (92 - f) + 2 a multiple of 16?
True
Let y = -49 + 90. Does 3 divide y?
False
Let x(c) = -c**3 - 9*c**2 - 2*c - 14. Let g be x(-9). Suppose 3*w = g + 68. Is 7 a factor of w?
False
Let u(a) = -a**3 - 5*a**2 - 3*a - 11. Let r be u(-5). Suppose 2 = -x + r. Does 2 divide -1 + (6*x)/1?
False
Is (5/5 - 3) + (-123)/(-3) a multiple of 3?
True
Suppose 0 = 3*x - 2 - 4. Suppose 5*h + 4*p + 25 = 0, x*h - 3*p = 6 + 7. Does 8 divide ((-1)/h)/(5/120)?
True
Let a(b) = b**2 - 10*b + 15. Let h be a(8). Does 14 divide 49/(-3 + h + (-99)/(-22))?
True
Let h = 12 - 7. Let l be 10 + -9 - (-1 + -51). Suppose j = -h*i - 0*i + 65, 0 = -j + i + l. Is j a multiple of 21?
False
Let a = -1613 + 2121. Is 4 a factor of a?
True
Suppose c + 2*d - 90 = d, 2*d = 5*c - 422. Is c a multiple of 10?
False
Suppose -3*m = -5*m + 4. Suppose 0 = 3*z - m - 4. Suppose s = -z*p + 63, 0*p + 59 = s + p. Is 29 a factor of s?
False
Suppose 3*h + 5*o = 168, 5*h = -2*o - 26 + 306. Is 3 a factor of h?
False
Let t(f) = -74*f + 323. Does 89 divide t(-26)?
False
Suppose 30 = 6*h, -3*v + 5449 = -14*h + 16*h. Is 49 a factor of v?
True
Let l = 10 - 7. Suppose 2*b - 260 = -2*c, -l*b + 642 = 5*c - 0*b. Does 31 divide c?
False
Let w = 4472 + -1148. Is w a multiple of 11?
False
Let o = 727 - 348. Is o a multiple of 17?
False
Suppose g = w + 4*g + 13, -3*w - 4*g - 29 = 0. Let y(v) = -v**3 - 8*v**2 - 7*v + 8. Does 2 divide y(w)?
True
Suppose -736 = -14*d + 22*d. Let f = d - -109. Does 3 divide f?
False
Let n be 5 - (773 + 2)/(-5). Suppose -y + n = y. Is 20 a factor of y?
True
Let x(l) = 2*l**2 - 6*l - 15. Let f = 26 - 20. Let m be x(f). Suppose -h = -2*g + m + 72, -3*g - h = -132. Does 31 divide g?
False
Suppose 2*l - 7*l + 2*a + 26 = 0, -2*a = -l + 10. Suppose 120 = -z + l*z. Does 4 divide z?
True
Is (4710/(-9))/5*-3 a multiple of 9?
False
Suppose 987 = 11*j - 4*j. Does 24 divide j?
False
Suppose 0 = -x + 2*u + 105, 4*x + 5*u - 280 - 140 = 0. Does 21 divide x?
True
Suppose -111*z + 108*z = -2*o - 8795, -4*o - 14655 = -5*z. Is z a multiple of 21?
False
Suppose 4*u + 2*z = 22, u + 4*z = -z + 1. Suppose 3*v - u = 6*v. Is 1*(-1 - -8) + v a multiple of 4?
False
Suppose 5*x + 5*c - 70 = 4*c, x - 4*c = 14. Let y = x - 9. Suppose -9 - 131 = -y*u. Does 14 divide u?
True
Suppose -437 = 3*k - 2099. Is 37 a factor of k?
False
Let y(i) = i + 5. Let j be y(-2). Suppose -w + 35 = 2*g, -j*g + 180 = 5*w + 2*g. Is w a multiple of 24?
False
Let c(l) be the first derivative of l**4/4 - l**3 - 2*l**2 + 11. Is c(5) a multiple of 13?
False
Suppose 110 + 134 = -4*x. Let g = x + 101. Does 16 divide g?
False
Let q be 3*(-1)/(-3) - -2. Suppose q*h - 20 = 7. Does 2 divide h?
False
Let d = 162 - -234. Is d a multiple of 44?
True
Let m(r) = -5 + r**2 - 8*r + 2*r**2 + 22 - 4. Is 12 a factor of m(5)?
True
Let c(d) = -7*d**2 + 23*d + 28. Let p(t) = 3*t**2 - 12*t - 14. Let g(w) = 4*c(w) + 9*p(w). Is 2 a factor of g(-13)?
False
Suppose 3*a + 615 = -177. Let p = a - -460. Does 28 divide p?
True
Let o be 1 - -2 - 2/(-8)*-4. Suppose -5*d + 4*q + 1081 = o*q, -3*d + 4*q + 657 = 0. Is 43 a factor of d?
True
Suppose 1 = 2*m - 43. Suppose 0 = -q - 4*n + m, 3*q - 3 + 2 = n. Suppose -2*h = -q - 6. Does 4 divide h?
True
Let g(b) = 15*b + 3. Let q be g(14). Suppose 2*n - q = -3*r, n - r + 2*r - 105 = 0. Does 17 divide n?
True
Suppose -2*m + 0*x + x = -20, 2*x - 24 = -4*m. Let l = -4 + m. Suppose -l*c + 12 = -3*c. Does 3 divide c?
True
Let h(m) = -3*m**3 - 2*m**2 + 2*m + 2. Let f be 2/8 + (-5)/20. Suppose -3*w + 2 - 8 = f. Does 14 divide h(w)?
True
Let s(d) be the third derivative of -5*d**4/24 + 3*d**3/2 + d**2. Let c = 245 - 251. Is 13 a factor of s(c)?
True
Let m = 2333 - 416. Does 10 divide m?
False
Suppose 0*k + 8 = 4*q + 2*k, -2*k = -4*q. Is 14 a factor of 42/(-9)*q*-3?
True
Suppose 3*z = 22 - 304. Let s = z - -214. Is s a multiple of 12?
True
Let i = -39 + 34. Is 7 a factor of (-299)/i - 1/(-5)?
False
Suppose -5*c + 203 = b - 0*c, -451 = -2*b - c. Is b a multiple of 19?
True
Does 11 divide 3/(-9)*33/(-2)*20?
True
Suppose 56*m = 72*m - 1248. Is m a multiple of 10?
False
Does 28 divide 583 + 0/(-1) - (91 + -96)?
True
Let u be (36/12)/(6/8). Suppose -2*x = -3*x + u*q + 45, q + 105 = 4*x. Does 5 divide x?
True
Suppose y + 2096 = 2*a + 515, -a + 4*y + 801 = 0. Does 3 divide a?
True
Let o(b) = -b - 1. Let r(y) = -28*y - 1. Let w(x) = -27*x - 2. Let p(d) = 5*r(d) - 6*w(d). Let n(g) = -3*o(g) - p(g). Is 18 a factor of n(-4)?
True
Let s be 6 - 5 - 3/1. Let k be (-13 + 13)*s/(-4). Suppose -z + 3*w + k*w + 26 = 0, 0 = -4*z - 3*w + 59. Is z a multiple of 7?
False
Suppose -2 - 1 = y + b, 3*y + 2*b = -6. Suppose y = -5*p + p + 84. I